me factors of ((-23)/(-2))/(5/z).
23
Suppose -18*a = -13*a - 300. What are the prime factors of a?
2, 3, 5
Let q(s) = 3*s - 1. Let l be q(3). Let r = 12 - l. Suppose 0 = 2*h - 3*h + r. List the prime factors of h.
2
Let m = 1 - -82. Suppose m + 1 = 6*v. What are the prime factors of v?
2, 7
Let j(i) = 2*i**3 + 3*i**2 - 16. Let u(b) = 3*b**3 + 4*b**2 - 17. Let y be (-55)/(-22) + 2/4. Let n(v) = y*u(v) - 4*j(v). List the prime factors of n(0).
13
Let w(q) = q**2 - 3*q - 6. Let t be w(5). Let a be 1/t - (-7)/4. Suppose p + 5 = a*u, 5*p - 2 - 18 = -5*u. List the prime factors of u.
3
Suppose -5*c + 3 = 3*y + 1, 0 = -2*y - 5*c + 8. Let u(f) = -2*f - 6. Let o be u(y). Let n = 4 + o. List the prime factors of n.
2, 5
Let y(i) = -i + 5. Let o be (-1 + 1)/(-1 + 3). Let g be y(o). Suppose 5*z - 67 = -g*b + 2*b, b + 51 = 5*z. What are the prime factors of z?
11
What are the prime factors of 1 + 3 - (-3 - 2)?
3
Let i be ((-2)/(-4) + 0)*-12. What are the prime factors of (i/4)/((-12)/160)?
2, 5
Let i be -3 + 0 - 3/(-1). Let o = i - -7. Let u(w) = w**3 - 7*w**2 + w + 6. What are the prime factors of u(o)?
13
Let c be (0 - 1) + (8 - 1). Let v(f) = 4*f + f - c - 4*f. List the prime factors of v(9).
3
Suppose -5*b = 4*m - 3*m + 40, 2*m = -5*b - 60. Let t be m/(-6) - 2/6. What are the prime factors of (-2)/(-2*t/15)?
5
Let f(s) = 5*s - 9*s + 4 + 8*s**2 - 2*s**2. What are the prime factors of f(3)?
2, 23
List the prime factors of (-1661)/(-99) + 4/18.
17
Suppose -w - 4*i + 15 = -0*w, 5*i + 30 = 2*w. Let f = -34 - -34. What are the prime factors of w + (1 - (2 - f))?
2, 7
Let r = 9 - -42. What are the prime factors of r?
3, 17
Suppose -3*v = -137 + 50. Let p be -2 - -3 - 2 - v. Let r = p + 53. List the prime factors of r.
23
Suppose 2*p = -p - 30. Let c = 5 + p. What are the prime factors of 504/35 - (-2)/c?
2, 7
Suppose 12*t - 9*t - 93 = 0. Suppose 3*w - 2*w - t = 2*x, -5*w - 4*x + 155 = 0. What are the prime factors of w?
31
Suppose 5*l = -g + 501, 2*l - 110 = -5*g + 95. Suppose -4*p + 28 = -l. Suppose 0*t - p = -3*t - 4*r, 0 = 5*r + 5. What are the prime factors of t?
2, 3
Let u(r) = r**3 + 7*r**2 + 5*r + 1. Let t be u(-6). Let h = t + 0. What are the prime factors of h?
7
Let l be 3 + (0 - (2 - -2)). Let w = l - -5. Suppose y - w*y = -42. What are the prime factors of y?
2, 7
Suppose 950 - 80 = -5*t. What are the prime factors of t/(-10) + 2/(-5)?
17
Suppose -3*s + 5*g = -122, 6*s - s - 196 = g. List the prime factors of s.
3, 13
Suppose 130 = 5*d - 3*t, 123 - 16 = 4*d - 3*t. What are the prime factors of d?
23
Let q(f) = -6*f - 1. Let c(u) = u. Let x(s) = -2*c(s) - q(s). What are the prime factors of x(1)?
5
Let b = -41 - -82. List the prime factors of b.
41
Let x(y) = -8 - 5*y**2 + 4*y**2 - 5*y - 2*y - y. Let w = -7 - -1. List the prime factors of x(w).
2
Let g = -33 + 139. List the prime factors of g.
2, 53
Let z be 1 - (-3 + (-3 - 13)). Suppose 4*a + 0*w - z = 5*w, 0 = -4*a - 4*w + 20. Suppose -a*r + r = -32. What are the prime factors of r?
2
Let k(j) = -1 + 0 + 13*j - 33*j + 2. What are the prime factors of k(-1)?
3, 7
Let i(w) = -w**2 + 4*w. Let c be i(4). Suppose c = p - 1 - 3. Let r = p + 4. List the prime factors of r.
2
List the prime factors of (1/(-2))/(1/(-244)).
2, 61
Suppose -v = 3*v + 16, l - v = 5. Let g(o) = 4*o**2 - o + 1. Let w be g(l). Suppose -y - 12 = -w*y. What are the prime factors of y?
2
Let v(w) be the third derivative of -w**6/40 - w**5/60 + w**4/24 + w**3/6 + w**2. What are the prime factors of v(-1)?
2
What are the prime factors of (-12)/18 - 149/(-3)?
7
Let m = 24 + 48. List the prime factors of m.
2, 3
Let r(d) = -2*d + 4. Let z(u) = -1. Let b = -3 - -9. Let c(h) = b*z(h) + r(h). What are the prime factors of c(-6)?
2, 5
Let v(d) = -d - 5. Let z be v(-7). Suppose 2*g = z*h - 34, -5*h + 38 = 2*g - 33. List the prime factors of h.
3, 5
List the prime factors of 4/(-10) + 244/10.
2, 3
Let o(a) = -4*a**3 + 3*a**2 - a. Let u be o(2). List the prime factors of (u/(-3))/((-2)/(-3)).
11
Suppose 3*b - f = -2*b + 471, -3 = 3*f. What are the prime factors of b?
2, 47
Let f(s) = 13*s + 3. Suppose -4*t - 4*z - 4 = 0, 3*t + z - 5 = -0. List the prime factors of f(t).
2, 3, 7
Let s(h) = -h**3 - 4*h**2 + 13*h - 2. What are the prime factors of s(-7)?
2, 3
Let i be (-8)/(-2 - (1 - 2)). Suppose -r + i = 4. Suppose r*w + 2*k = k + 28, 4*k - 40 = -4*w. What are the prime factors of w?
2, 3
Let i(g) = -3*g**2 - 7*g + 8. Let t(j) = -5*j**2 - 13*j + 15. Suppose -9 = -2*c - 1. Let r(m) = c*t(m) - 7*i(m). What are the prime factors of r(4)?
2
Suppose 3*j - 632 = -5*j. What are the prime factors of j?
79
Suppose 4*t = -16, 3*t = 2*r - 11 - 111. List the prime factors of r.
5, 11
Let b = 62 - -14. List the prime factors of b.
2, 19
Let k(m) = 2*m - 7. Let c(v) = v**2 - 6*v + 21. Let h(u) = 6*c(u) + 17*k(u). List the prime factors of h(3).
5, 11
Suppose -4*w + 316 = c, 5*c - c = 2*w - 158. What are the prime factors of w?
79
Let r(h) = 13*h. Let q be r(-2). List the prime factors of (q/6)/(2/(-6)).
13
Let v = 10 - -15. Let z = 6 - v. Let g = 28 + z. What are the prime factors of g?
3
Suppose 0 = -6*w + 2*w + 4*j + 16, -5*j = -w + 4. Suppose 2*p - 4*p + 20 = 2*i, 0 = -w*i - p + 28. List the prime factors of i.
2, 3
List the prime factors of 36/(-48) - 447/(-4).
3, 37
Let q(z) = -2*z + 20. List the prime factors of q(8).
2
Let v = -12 + 33. List the prime factors of v.
3, 7
Let q(k) = -5*k**2 + k - 6. Let w(u) = 1. Let d(v) = -q(v) - 6*w(v). Let b be d(1). Let j = b - -6. List the prime factors of j.
2, 5
Let r(z) = z**3 + 18*z**2 + 18*z + 20. Let w be r(-17). Suppose w*a - 160 = -a. List the prime factors of a.
2, 5
Let l(u) = u**2 + u. Let x(q) = -q**3 - 12*q + 6. Let k = 0 - 1. Let p(n) = k*x(n) - 5*l(n). List the prime factors of p(4).
2, 3
Let r = 11 - -4. Suppose y - o - r = 0, 0*y - o = -4*y + 63. What are the prime factors of y?
2
Let t = 53 - 21. What are the prime factors of t?
2
Let n = 1 + 0. Let f be 2*(-2)/4 + n. Suppose f*v + 2*v = 36. What are the prime factors of v?
2, 3
List the prime factors of 2 - 1 - 172/(-2).
3, 29
Let t(q) = 7*q**2 + 4*q - 5. Let s(o) = -15*o**2 - 7*o + 9. Let x(h) = -6*s(h) - 11*t(h). Let u be x(1). Suppose 0 = -3*f + u + 6. List the prime factors of f.
2, 3
Let m = -143 - -309. List the prime factors of m.
2, 83
Let x(y) = -y**3 + 8*y**2 + 5. Let m be x(8). Suppose 0 = -z - 0*z + m. Suppose 0 = 5*c + 5*b - 0*b - 40, -z*c - 2*b + 43 = 0. List the prime factors of c.
3
Let j = 240 + 80. List the prime factors of j.
2, 5
Suppose 4*x + 29 = 5*p, -3*x + 12 = 3*p - 0*p. Suppose 0 = -2*b + 4*u + 66, 0 - p = u. What are the prime factors of b?
23
Let t(h) = h**3 - 4*h**2 - 3*h - 6. Let k be t(5). Let y(g) = -4 + g + 0*g + k*g. List the prime factors of y(3).
11
Suppose -2895 = -9*n - 321. List the prime factors of n.
2, 11, 13
Suppose 2*o = 5*f + 77, o + o - 85 = -3*f. List the prime factors of o.
41
Let a(r) = r**3 + 7*r**2 + 7*r + 8. Let y be a(-6). Let z = y + 0. List the prime factors of z.
2
Let a(l) = -1 - 2 - 7*l - 6. List the prime factors of a(-7).
2, 5
Suppose -42 = -3*g - 3*v, 4*g - 4*v - 70 = -v. List the prime factors of g.
2
Let t = 17 - -36. What are the prime factors of t?
53
Suppose o = -0*o + 115. Suppose -o - 35 = -2*f. Suppose 27 = -3*u + f. What are the prime factors of u?
2
Let d be (20/(-25))/(3/15). What are the prime factors of (8/12)/(d/(-186))?
31
Suppose 0*a + a - 11 = -3*r, -4*r + 24 = 2*a. What are the prime factors of a?
2, 7
Suppose -u = -1 - 27. List the prime factors of u.
2, 7
Suppose -5*c = 2*f - 105 + 16, 2*f + 3*c - 79 = 0. List the prime factors of f.
2
Let q = 20 + -5. Suppose 4*y - q = -2*n + n, 0 = -n - y + 9. What are the prime factors of n?
7
List the prime factors of ((-396)/(-60))/((-2)/(-10)).
3, 11
Suppose 0 = -4*y + 2*y - 3*p + 82, 3*y + p - 109 = 0. What are the prime factors of y?
5, 7
Let q(m) = -m**3 - 6*m**2 + 8*m + 6. Let v(t) = -5*t + 3. Let k be v(2). Let p be q(k). Let j = p - -20. What are the prime factors of j?
19
Suppose 4*c + 71 = 3*p, -p - 4*c + 31 + 14 = 0. What are the prime factors of p?
29
Let s(w) = -3*w + 16. Let n be s(-9). Let c = n - 14. What are the prime factors of c?
29
Let l be (-3)/9 + (-32)/(-6). Let i(q) = -q**3 + 5*q**2 + 2*q + 5. Let k 